igit of d?
1
Let t(y) = -21*y + 21 + 7*y - 47*y. What is the tens digit of t(-7)?
4
Let y(x) = -x**3 - 35*x**2 + 50*x + 648. What is the tens digit of y(-36)?
4
Let j(p) = 197*p - 7. Let g(x) = -4528*x + 160. Let v(l) = -6*g(l) - 136*j(l). What is the units digit of v(2)?
4
Let s(k) = k**3 + 4*k**2 - 3*k - 12. Let y be s(-4). Suppose -9*p = -y*p - 54. Suppose -5*n - 18 = -p*n. What is the units digit of n?
8
What is the units digit of (99692/(-14))/((-168)/588)?
3
Let n(t) = -60 + t**2 - 21*t + 0*t**2 + 47*t - 12*t. What is the hundreds digit of n(-25)?
2
Let g be 125/1 + 2 + -6 + 3. Let f = 217 - g. Suppose 12 = v - f. What is the tens digit of v?
0
Let v = 175 - 187. What is the units digit of ((215/2)/(-5))/(v/48)?
6
Let t(i) = 467*i**2 - 89*i - 262. What is the thousands digit of t(-3)?
4
What is the units digit of (12204/(-24))/((-9)/408*2)?
6
Suppose 527*c - 536*c = -33219. Suppose -4*w + 4916 = 4*f, -14*f - w + c = -11*f. What is the units digit of f?
1
Let i = -197 + 202. Suppose 0*z - 681 = -2*p - i*z, -p - 5*z + 333 = 0. What is the hundreds digit of p?
3
Let d(r) = 363*r**2 - 218*r + 1570. What is the units digit of d(7)?
1
Suppose -w + 19 = -2*q, -2*q + 0*w - 4 = 2*w. Let z(t) = t**2 + t - 24. Let y be z(q). Let h(k) = -k**3 + 19*k**2 - 12*k - 18. What is the units digit of h(y)?
0
Let j = 2698 + -1861. Suppose -30*c + j + 483 = 0. What is the units digit of c?
4
Let r = -157 - -160. Let k(g) = 130*g - 23. What is the tens digit of k(r)?
6
Let r(t) = 3*t**3 + t**2 - 25*t + 5. Let l be r(7). Suppose -7*a + 9*a = l. What is the hundreds digit of a?
4
Let a(i) = 738*i**2 + 22*i + 23. What is the ten thousands digit of a(4)?
1
Suppose 2*n = 2*g + 18896, -23*g = 5*n - 18*g - 47300. What is the thousands digit of n?
9
Let x be 1/(2 - 7/4). Let o = -204 - -204. Suppose o = 3*s - y - 2*y - 114, 0 = 3*s - x*y - 109. What is the tens digit of s?
4
Let m be (-46)/(-8) - (69/12 + -5). Suppose -4*f = 3*u - 2891, f + 4*u - m*u = 728. Suppose 7*s - f = 2*s. What is the units digit of s?
5
Suppose 0 = -5*k + 2*r - r + 25, -20 = -4*k + r. Suppose -k*y + 1082 + 428 = 0. What is the hundreds digit of y?
3
Suppose 14*k - 316065 = 234569. What is the tens digit of k?
3
Let b(l) = -11*l**2 + 17*l + 310. Let w(h) = -3*h**2 + 6*h + 103. Let n(p) = -2*b(p) + 7*w(p). What is the hundreds digit of n(15)?
4
What is the tens digit of 70431/12 - -11*9/(-396)?
6
Let r(k) = -612*k + 2. Let w be r(-1). Let s = w - 307. What is the units digit of s?
7
What is the hundreds digit of -521*((-616)/35 - -18)/(2/(-40))?
1
Suppose -q = 7*q - 3*q. Suppose 4*h + 152 = x - 166, q = -3*x + 2*h + 924. What is the units digit of x?
6
Suppose 128*s - 11*s - 2186964 = 0. What is the hundreds digit of s?
6
Suppose 26609 = 3*y - 5*r, -13*y + 2*r = -9*y - 35474. What is the tens digit of y?
6
Suppose -24*j = 10650 - 142482. What is the thousands digit of j?
5
Let a(z) = z + 9. Let v be a(-11). Let r be 3 - (-4 + (-4)/v). Suppose -5*g + 97 = 3*p - p, 5*p - r*g = 330. What is the units digit of p?
1
Let g(k) = k**3 + 2*k**2 - 4*k + 5. Let m be g(3). Suppose -4*j - 4*s + m = 6, -3*j + 4*s = 11. What is the tens digit of j + 2 - (-67 - -5)?
6
Let x(s) = -239*s**2 - s - 2. Let f be x(2). Let l be (6/(-5))/(18/f). Let v = l - -27. What is the units digit of v?
1
Let d = 10 - 4. Suppose 152*i - 315 = 167*i. What is the tens digit of (((-742)/i)/((-2)/d))/(-2)?
5
Let i(k) = 2630*k**2 - 8*k + 4. Let x be i(-2). Suppose 5*l = -15*l + x. What is the hundreds digit of l?
5
Suppose -944147 = -29*p - 5*p + 1062023. What is the hundreds digit of p?
0
Let l be 1/((16/(-12))/(-4)). Suppose -2*k = l*m - 8*m + 49, 4*k = 5*m - 53. Suppose -4*h + m*h = d + 1083, 440 = 2*h + 3*d. What is the tens digit of h?
1
Suppose 312 = 5*x + 8*x. Suppose -5002 = -x*t + 2390. What is the hundreds digit of t?
3
Let m(y) = -1509*y - 1089. What is the units digit of m(-10)?
1
Let k = -48 + 50. Suppose -p + 18 = 2*f - 1, 4*f - 2 = k*p. Suppose -p*b + 188 = -352. What is the units digit of b?
0
Let o(c) = 126*c**2 + 1170*c - 53. What is the ten thousands digit of o(-19)?
2
Let h be ((-18)/10 - -1) + 360/(-50). Let w be 15/40 + (-64413)/h. What is the tens digit of w/48 + 2/8?
6
Let a(t) = 5*t**2 + 2*t + 3. Let j be a(-1). Suppose 39 = -2*v + 5*q, 63 = -4*v + j*q - q. What is the tens digit of (-1242)/v + 2/(-4)?
0
Let r(s) = -s**3 + 11*s**2 - 8*s - 16. Let g be r(10). Suppose -183 = -4*f - 6*x + 3*x, -g*f = -x - 179. What is the units digit of f?
5
Let c(h) = h**2 + 48*h + 911. What is the tens digit of c(-21)?
4
Let y be 460/2 - 5*(-18)/(-45). Suppose 0 = o - 5*f - y, -3*o = -3*f + 6*f - 684. What is the units digit of o?
8
Suppose 114873 = 20*j - 107047. What is the tens digit of j?
9
Suppose 0 = 207*s - 69*s - 8733606. What is the ten thousands digit of s?
6
Let w be 76/8 - (-6)/4. Let k(i) be the first derivative of -i**4/4 + 11*i**3/3 + 7*i**2/2 + 4*i + 9. What is the tens digit of k(w)?
8
Let m be 11989/323 - 2/34*2. Suppose -2*r + 3*u + m = 0, 0 = -r + u - 0*u + 19. Suppose -4*v - 3*j = -21 - 102, 4*j = r. What is the units digit of v?
7
Let j be (10/(-15))/2*(-3258)/3. Let x = -321 + j. What is the tens digit of x?
4
Suppose -22*i - 520167 = -780132 - 845733. What is the tens digit of i?
5
Let f(k) = 1769*k + 3417. What is the tens digit of f(12)?
4
Let r(i) = 22*i**2 + 160*i - 1. Let w be r(-8). Let m(j) = j**2 + 9*j - 8. Let g be m(-8). Let h = w - g. What is the tens digit of h?
4
What is the units digit of (2074/4)/(125/1500)?
2
Suppose 0 = -6*c - 39 + 39. Suppose -49*k - 2*k + 25296 = c. What is the tens digit of k?
9
Let b = 29 - 17. Suppose -b*s = -16*s - 4956. What is the tens digit of (-3)/(-5) - s/35?
3
Suppose 65*p + 3*q + 7 = 67*p, -2*p + 10 = -2*q. What is the hundreds digit of 52*(188/p - 8)?
8
Let p = 4483 - 991. What is the tens digit of p?
9
Let u be -2 + (-40)/(-22) - 3817310/(-253). Suppose -u + 5308 = -15*g. What is the tens digit of g?
5
Let t = -535 + 538. Suppose -5*z + v = -2*z - 1604, -3*z + 1584 = t*v. What is the hundreds digit of z?
5
What is the units digit of (3/(36/(-15)))/(53/(-120840))?
0
Let g be (-24)/6 + -17*(3 - 2). What is the tens digit of (-16 - g) + 67/1?
7
Let b(i) = i**3 - i**2 - 2*i + 2. Let s be b(2). Let n = -119 - -124. Suppose g - n*y - 167 = -0*g, y - 345 = -s*g. What is the tens digit of g?
7
Let d = 14717 - 391. What is the thousands digit of d?
4
Suppose -6*f + 2*f = -c + 4, 3*c - 12 = 2*f. Let z be 36/(-48)*c*(-2)/2. Let w(t) = t**3 - 2*t**2 + 3*t - 8. What is the units digit of w(z)?
0
Let s = 31743 + -16183. What is the tens digit of s?
6
Suppose 3*j = -5*n + 62593, -15*j + 4*n - 104339 = -20*j. What is the hundreds digit of j?
8
Let p be ((-40)/(-60))/(1/36). Suppose 1305 = -p*h + 29*h. What is the tens digit of h?
6
Let c = -1314 - -6837. What is the units digit of c?
3
Let j(f) = 2*f**2 + f - 1. Let s be j(0). Suppose -3*h = 2*h - 15. What is the tens digit of 66 - ((-2 + h)*-1 + s)?
6
Suppose 2606*h - 2595*h - 594 = 0. Let s(x) = 4*x**2 - x + 2. Let p be s(-2). Let v = h + p. What is the tens digit of v?
7
Let u be 3*(-15)/6*2/(-5). Suppose 0 = -u*m + 88 - 100. What is the tens digit of 648/(-16)*(-4)/3 - m?
5
Suppose 35*m + 3*x = 37*m - 16168, -3*x = 0. What is the units digit of m?
4
Let b(o) = -14*o**3 - 44*o**2 + 21*o - 29. What is the thousands digit of b(-10)?
9
What is the tens digit of -8 + 20/(-8)*(-1588)/10?
8
Let h(z) be the first derivative of -35*z - 6 - 3*z**2 + 1/3*z**3. What is the units digit of h(11)?
0
Suppose 26*b - 333450 = 17*b. What is the units digit of ((-12)/(-10))/((-6)/b*-10)?
1
Let o be (-5)/(-40) - (1 - 123/(-24)). What is the tens digit of 1 + 5/o + 23430/36?
5
Let x = 702 + -232. Suppose 9*t + x = 3602. What is the tens digit of t?
4
Let x(z) = z**3 + 5*z**2 - 5*z - 13. Let c = 262 + -266. What is the tens digit of x(c)?
2
Suppose -2*j + 6272 = 552. Suppose -28*a + 52 + j = 0. What is the units digit of a?
4
Suppose -g = -2*n - 1153, -4*g + 4628 - 28 = 4*n. Let j = g - 775. What is the units digit of j?
6
Suppose 3*y = 4*q + 22, -4*q + 4*y = -5*q + 4. Let g(u) = -2*u**3 + 8*u**2 + 8*u - 12. What is the units digit of g(q)?
2
Let l = 182 - -34. Let n be 182/(-39)*l/(-14). Suppose -2*h - 4*t + 2*t + n = 0, -4*t = 3*h - 10